{"id":2689,"date":"2024-12-15T22:02:42","date_gmt":"2024-12-15T21:02:42","guid":{"rendered":"https:\/\/mhb-store.com\/?post_type=product&#038;p=2689"},"modified":"2026-03-12T05:00:42","modified_gmt":"2026-03-12T04:00:42","slug":"puma-court-classique","status":"publish","type":"product","link":"https:\/\/mhb-store.com\/index.php\/product\/puma-court-classique\/","title":{"rendered":"Puma Court classique"},"content":{"rendered":"<p>Avis (0)<br \/>\nLa Puma Court Classic Sneaker (395018-02) est la combinaison parfaite d&rsquo;\u00e9l\u00e9gance classique et de technologie moderne dans une chaussure de tous les jours. Ces baskets \u00e9l\u00e9gantes ont \u00e9t\u00e9 cr\u00e9\u00e9es pour les amateurs de confort et de haute qualit\u00e9 et s&rsquo;int\u00e9greront dans n&rsquo;importe quelle garde-robe. La Court Classic s&rsquo;inspire des chaussures de tennis classiques, qui ont gagn\u00e9 en popularit\u00e9 gr\u00e2ce \u00e0 leur design minimaliste et polyvalent. Depuis, Puma a peaufin\u00e9 ce mod\u00e8le, offrant aux amateurs de mode une solution touchante au quotidien. Les mat\u00e9riaux sont un argument de vente pour chaque paire, car ils sont fabriqu\u00e9s \u00e0 partir de cuir synth\u00e9tique de haute qualit\u00e9 pour une durabilit\u00e9 et un confort in\u00e9gal\u00e9. Gr\u00e2ce \u00e0 leur couleur noire, ces baskets peuvent \u00eatre facilement combin\u00e9es avec n&rsquo;importe quel style vestimentaire, du business casual au street fashion. Les baskets sont \u00e9quip\u00e9es de la technologie innovante EVA , qui garantit l\u00e9g\u00e8ret\u00e9 et absorption des chocs, r\u00e9duisant ainsi la charge sur vos pieds \u00e0 chaque pas. La semelle ext\u00e9rieure antid\u00e9rapante offre une traction fiable sur une vari\u00e9t\u00e9 de surfaces, rendant vos mouvements s\u00fbrs et confiants m\u00eame par temps de pluie. Les avantages de l&rsquo;achat d&rsquo;une Puma Court Classic sont \u00e9vidents : ce n&rsquo;est pas seulement une paire de chaussures fiable et \u00e9l\u00e9gante, mais aussi un moyen de mettre en valeur votre style individuel. Ils sont id\u00e9aux pour une vie quotidienne active, offrant confort, maintien et durabilit\u00e9. Ne manquez pas l&rsquo;occasion d&rsquo;am\u00e9liorer votre garde-robe avec les baskets Puma Court Classic. Donnez-vous la possibilit\u00e9 de profiter du confort et du style au quotidien. Achetez votre paire aujourd&rsquo;hui et sentez la diff\u00e9rence !<\/p>\n","protected":false},"excerpt":{"rendered":"<p>Avis (0) La Puma Court Classic Sneaker (395018-02) est la combinaison parfaite d&rsquo;\u00e9l\u00e9gance classique et de technologie moderne dans une chaussure de tous les jours. Ces baskets \u00e9l\u00e9gantes ont \u00e9t\u00e9 cr\u00e9\u00e9es pour les amateurs de confort et de haute qualit\u00e9 et s&rsquo;int\u00e9greront dans n&rsquo;importe quelle garde-robe. La Court Classic s&rsquo;inspire des chaussures de tennis classiques, [&#8230;]\n","protected":false},"featured_media":3256,"comment_status":"open","ping_status":"closed","template":"","meta":{"_acf_changed":false},"pwb-brand":[102],"product_brand":[],"product_cat":[115,44,156,155,118,117],"product_tag":[],"class_list":{"0":"post-2689","1":"product","2":"type-product","3":"status-publish","4":"has-post-thumbnail","6":"pwb-brand-puma","7":"product_cat-chaussures-hommes","8":"product_cat-hommes","9":"product_cat-promo-hommes","10":"product_cat-promo","11":"product_cat-basket-homme","12":"product_cat-tous-nos-chaussures-hommes","14":"first","15":"instock","16":"sale","17":"shipping-taxable","18":"purchasable","19":"product-type-variable"},"acf":[],"aioseo_notices":[],"jetpack_sharing_enabled":true,"brands":[{"id":102,"name":"PUMA","slug":"puma"}],"_links":{"self":[{"href":"https:\/\/mhb-store.com\/index.php\/wp-json\/wp\/v2\/product\/2689","targetHints":{"allow":["GET"]}}],"collection":[{"href":"https:\/\/mhb-store.com\/index.php\/wp-json\/wp\/v2\/product"}],"about":[{"href":"https:\/\/mhb-store.com\/index.php\/wp-json\/wp\/v2\/types\/product"}],"replies":[{"embeddable":true,"href":"https:\/\/mhb-store.com\/index.php\/wp-json\/wp\/v2\/comments?post=2689"}],"wp:featuredmedia":[{"embeddable":true,"href":"https:\/\/mhb-store.com\/index.php\/wp-json\/wp\/v2\/media\/3256"}],"wp:attachment":[{"href":"https:\/\/mhb-store.com\/index.php\/wp-json\/wp\/v2\/media?parent=2689"}],"wp:term":[{"taxonomy":"pwb-brand","embeddable":true,"href":"https:\/\/mhb-store.com\/index.php\/wp-json\/wp\/v2\/pwb-brand?post=2689"},{"taxonomy":"product_brand","embeddable":true,"href":"https:\/\/mhb-store.com\/index.php\/wp-json\/wp\/v2\/product_brand?post=2689"},{"taxonomy":"product_cat","embeddable":true,"href":"https:\/\/mhb-store.com\/index.php\/wp-json\/wp\/v2\/product_cat?post=2689"},{"taxonomy":"product_tag","embeddable":true,"href":"https:\/\/mhb-store.com\/index.php\/wp-json\/wp\/v2\/product_tag?post=2689"}],"curies":[{"name":"wp","href":"https:\/\/api.w.org\/{rel}","templated":true}]}}