{"id":2696,"date":"2024-12-15T22:08:57","date_gmt":"2024-12-15T21:08:57","guid":{"rendered":"https:\/\/mhb-store.com\/?post_type=product&#038;p=2696"},"modified":"2026-03-18T01:01:45","modified_gmt":"2026-03-18T00:01:45","slug":"puma-bmw-mms-trinity","status":"publish","type":"product","link":"https:\/\/mhb-store.com\/index.php\/product\/puma-bmw-mms-trinity\/","title":{"rendered":"Puma BMW MMS Trinity"},"content":{"rendered":"<p>La Trinity est li\u00e9e \u00e0 l&rsquo;esth\u00e9tique Futro de PUMA gr\u00e2ce \u00e0 sa nouvelle interpr\u00e9tation de l&rsquo;inspiration patrimoniale avec une touche de modernit\u00e9. La tige est compos\u00e9e d&rsquo;une base en maille avec des superpositions en cuir et en synth\u00e9tique cousues pour un look et une sensation de construction. La forme de la chaussure vous offre un confort tout au long de la journ\u00e9e. La semelle interm\u00e9diaire est rehauss\u00e9e par des d\u00e9tails angulaires et des \u00e9l\u00e9ments peints qui en font le h\u00e9ros de la conception, avec toute cette nouveaut\u00e9 le long de la semelle ext\u00e9rieure en caoutchouc. La semelle int\u00e9rieure SoftFoam+ offre un amorti sup\u00e9rieur et un confort optimal \u00e0 chaque \u00e9tape de la journ\u00e9e. Tout cela, associ\u00e9 aux couleurs embl\u00e9matiques de BMW MMS, fait de cette chaussure une option audacieuse et moderne pour les fans de sport automobile.<\/p>\n","protected":false},"excerpt":{"rendered":"<p>La Trinity est li\u00e9e \u00e0 l&rsquo;esth\u00e9tique Futro de PUMA gr\u00e2ce \u00e0 sa nouvelle interpr\u00e9tation de l&rsquo;inspiration patrimoniale avec une touche de modernit\u00e9. La tige est compos\u00e9e d&rsquo;une base en maille avec des superpositions en cuir et en synth\u00e9tique cousues pour un look et une sensation de construction. La forme de la chaussure vous offre un [&#8230;]\n","protected":false},"featured_media":3263,"comment_status":"open","ping_status":"closed","template":"","meta":{"_acf_changed":false},"pwb-brand":[102],"product_brand":[],"product_cat":[115,156,155,119,118,117],"product_tag":[],"class_list":{"0":"post-2696","1":"product","2":"type-product","3":"status-publish","4":"has-post-thumbnail","6":"pwb-brand-puma","7":"product_cat-chaussures-hommes","8":"product_cat-promo-hommes","9":"product_cat-promo","10":"product_cat-football","11":"product_cat-basket-homme","12":"product_cat-tous-nos-chaussures-hommes","14":"first","15":"instock","16":"sale","17":"shipping-taxable","18":"purchasable","19":"product-type-variable"},"acf":[],"aioseo_notices":[],"jetpack_sharing_enabled":true,"brands":[{"id":102,"name":"PUMA","slug":"puma"}],"_links":{"self":[{"href":"https:\/\/mhb-store.com\/index.php\/wp-json\/wp\/v2\/product\/2696","targetHints":{"allow":["GET"]}}],"collection":[{"href":"https:\/\/mhb-store.com\/index.php\/wp-json\/wp\/v2\/product"}],"about":[{"href":"https:\/\/mhb-store.com\/index.php\/wp-json\/wp\/v2\/types\/product"}],"replies":[{"embeddable":true,"href":"https:\/\/mhb-store.com\/index.php\/wp-json\/wp\/v2\/comments?post=2696"}],"wp:featuredmedia":[{"embeddable":true,"href":"https:\/\/mhb-store.com\/index.php\/wp-json\/wp\/v2\/media\/3263"}],"wp:attachment":[{"href":"https:\/\/mhb-store.com\/index.php\/wp-json\/wp\/v2\/media?parent=2696"}],"wp:term":[{"taxonomy":"pwb-brand","embeddable":true,"href":"https:\/\/mhb-store.com\/index.php\/wp-json\/wp\/v2\/pwb-brand?post=2696"},{"taxonomy":"product_brand","embeddable":true,"href":"https:\/\/mhb-store.com\/index.php\/wp-json\/wp\/v2\/product_brand?post=2696"},{"taxonomy":"product_cat","embeddable":true,"href":"https:\/\/mhb-store.com\/index.php\/wp-json\/wp\/v2\/product_cat?post=2696"},{"taxonomy":"product_tag","embeddable":true,"href":"https:\/\/mhb-store.com\/index.php\/wp-json\/wp\/v2\/product_tag?post=2696"}],"curies":[{"name":"wp","href":"https:\/\/api.w.org\/{rel}","templated":true}]}}