{"id":874,"date":"2024-03-19T00:42:58","date_gmt":"2024-03-18T23:42:58","guid":{"rendered":"https:\/\/mhb-store.com\/?post_type=product&#038;p=874"},"modified":"2024-12-17T03:44:37","modified_gmt":"2024-12-17T02:44:37","slug":"nike-waffle-one-se","status":"publish","type":"product","link":"https:\/\/mhb-store.com\/index.php\/product\/nike-waffle-one-se\/","title":{"rendered":"Nike Waffle One SE"},"content":{"rendered":"<p>Conjuguez Chaleur Et Esprit Ludique Face Au Froid. Le Look D&rsquo;athl\u00e9tisme Classique Joue La Carte Du Confort, Avec Des D\u00e9tails Ultra-Confortables Et Une Doublure Douce Qui Vous Encouragent \u00c0 Garder La Flamme Tout L&rsquo;hiver. La Nouvelle Semelle Ext\u00e9rieure \u00c0 Motif Gaufr\u00e9 Offre Un Niveau De Maintien Et D&rsquo;adh\u00e9rence Exceptionnel.<br \/>\nMarque\tNike<br \/>\nNo. du fabricant\tDR9502-001<br \/>\nCouleur\tGris<br \/>\nCat\u00e9gorie\tFemme<br \/>\nGenre\tFemme<\/p>\n","protected":false},"excerpt":{"rendered":"<p>Conjuguez Chaleur Et Esprit Ludique Face Au Froid. Le Look D&rsquo;athl\u00e9tisme Classique Joue La Carte Du Confort, Avec Des D\u00e9tails Ultra-Confortables Et Une Doublure Douce Qui Vous Encouragent \u00c0 Garder La Flamme Tout L&rsquo;hiver. La Nouvelle Semelle Ext\u00e9rieure \u00c0 Motif Gaufr\u00e9 Offre Un Niveau De Maintien Et D&rsquo;adh\u00e9rence Exceptionnel. Marque Nike No. du fabricant DR9502-001 [&#8230;]\n","protected":false},"featured_media":879,"comment_status":"open","ping_status":"closed","template":"","meta":{"_acf_changed":false},"pwb-brand":[99],"product_brand":[],"product_cat":[131,158,157,155,130],"product_tag":[],"class_list":{"0":"post-874","1":"product","2":"type-product","3":"status-publish","4":"has-post-thumbnail","6":"pwb-brand-nike","7":"product_cat-basket-tendance-femme","8":"product_cat-promo-enfant","9":"product_cat-promo-femmes","10":"product_cat-promo","11":"product_cat-toutes-les-chaussures-femme","13":"first","14":"instock","15":"sale","16":"shipping-taxable","17":"purchasable","18":"product-type-variable"},"acf":[],"aioseo_notices":[],"jetpack_sharing_enabled":true,"brands":[{"id":99,"name":"Nike","slug":"nike"}],"_links":{"self":[{"href":"https:\/\/mhb-store.com\/index.php\/wp-json\/wp\/v2\/product\/874","targetHints":{"allow":["GET"]}}],"collection":[{"href":"https:\/\/mhb-store.com\/index.php\/wp-json\/wp\/v2\/product"}],"about":[{"href":"https:\/\/mhb-store.com\/index.php\/wp-json\/wp\/v2\/types\/product"}],"replies":[{"embeddable":true,"href":"https:\/\/mhb-store.com\/index.php\/wp-json\/wp\/v2\/comments?post=874"}],"wp:featuredmedia":[{"embeddable":true,"href":"https:\/\/mhb-store.com\/index.php\/wp-json\/wp\/v2\/media\/879"}],"wp:attachment":[{"href":"https:\/\/mhb-store.com\/index.php\/wp-json\/wp\/v2\/media?parent=874"}],"wp:term":[{"taxonomy":"pwb-brand","embeddable":true,"href":"https:\/\/mhb-store.com\/index.php\/wp-json\/wp\/v2\/pwb-brand?post=874"},{"taxonomy":"product_brand","embeddable":true,"href":"https:\/\/mhb-store.com\/index.php\/wp-json\/wp\/v2\/product_brand?post=874"},{"taxonomy":"product_cat","embeddable":true,"href":"https:\/\/mhb-store.com\/index.php\/wp-json\/wp\/v2\/product_cat?post=874"},{"taxonomy":"product_tag","embeddable":true,"href":"https:\/\/mhb-store.com\/index.php\/wp-json\/wp\/v2\/product_tag?post=874"}],"curies":[{"name":"wp","href":"https:\/\/api.w.org\/{rel}","templated":true}]}}